e 2040 + -2043 - ((0 - -1) + -31).
27
Calculate (0 - 0) + -12 + 17.
5
What is (5 - (9 + -10 + 6)) + (-1 - 2)?
-3
Calculate (-16 - -8 - -1) + 0.
-7
What is (0 - 14) + (22 + -7 - 21)?
-20
Calculate 10 - ((0 - -8) + (-13 - (-13 + 3))).
5
20 - -4 - (-2 + 6 + 7 + -5)
18
Evaluate -1 + -14 + 6 + 7.
-2
Calculate -3 + -15 + 25 + -4.
3
What is the value of -1 + 22 + -29 + -4 + 3 + -1?
-10
Calculate (15 - -1) + (42 - 4 - 35).
19
(-2 - 13) + 6 + 4 + (-1 - 4)
-10
Calculate 21 + -29 - 4 - (6 - (-17 + 5)).
-30
What is (10 - 6) + -26 + 32?
10
(1 + -3 - (-27 + 29)) + -8 - 2
-14
What is the value of 10 + -4 + -4 - -7 - 22?
-13
What is the value of (-11 - -64 - 70) + (53 - 0)?
36
What is the value of 111 + -108 - (16 + 0)?
-13
Calculate -6 + (-6 - -18) + 8 + 3.
17
29 - (6 + (-14 - -16))
21
(-1 - 15) + 20 - 18
-14
23 + 14 + -17 + -12 + -22 + 1
-13
What is the value of 4 + 0 + (7 - 7) - -7?
11
-171 - -169 - (0 + (3 - 6) + -19)
20
Calculate 9 + (4 - 5) + -4 - (-7 - -21).
-10
Calculate (56 - 53) + (2 - 3) + 27 + -1.
28
Evaluate 0 + (-3 + 3 - 11) + 4.
-7
What is the value of 51 + (27 - 62) + 11?
27
2 + -11 + -1 - (19 + -17 + -4)
-8
What is the value of 5 - 12 - (5 - (22 + -1))?
9
-74 + 70 + 0 + 4
0
Calculate 4 + 0 + 2 + (13 - (25 + -13)).
7
What is -9 + 6 - 31 - -10?
-24
-2 + -4 - (2 - (3 + (1 - 1)))
-5
Evaluate (-1 - (5 - 10)) + 4 - -8.
16
(113 - 139) + ((6 - 0) + -4 - -2)
-22
What is 24 + -80 + 49 + (22 - -1)?
16
What is the value of -13 + 18 + (-23 - -10)?
-8
-7 - (4 + -2 + -7 + 7)
-9
Calculate (-11 - 7) + (11 - 0).
-7
Calculate 3 + 6 + -2 + 148 + -154.
1
13 - (-2 - (10 - 16))
9
11 - -1 - (4 - -3) - 6 - 9
-10
(-5 - -4 - -5) + -9 + -7
-12
What is (4 - -4) + 10 + -18?
0
Evaluate -18 + 45 + (5 - 22).
10
Evaluate -3 + -3 - (-5 - (-6 + 14)).
7
What is the value of -23 + 31 + -11 + 20?
17
Calculate (9 - 17 - -10) + (-6 - 16) + 4.
-16
What is the value of 4 + 0 + 1 + 0 + 7 + -3?
9
What is the value of 0 + -4 - -7 - (1 - (0 - -1))?
3
Calculate -15 + -6 + 16 + 8 + 2.
5
What is the value of (-1 - (-3 - -10)) + 0 + -4 + -2?
-14
What is the value of -5 + -8 + 20 + 8?
15
Evaluate -23 + (53 - (-24 + 52)).
2
Evaluate (-4 + 8 - (0 + 7)) + -18.
-21
-4 + 2 - 7 - (-45 - -40 - 5)
1
6 + 6 + -29 + 59 + -12
30
Calculate 11 + (-13 - (-5 + -10) - -3).
16
Evaluate -9 + (-12 - (-4 + -4)).
-13
Calculate -13 + 1 + 102 + -88 + -15 + -1.
-14
((-16 - -8) + -15 - -11) + -7
-19
What is 6 + (-4 - -22 - 12) - 5?
7
What is the value of (5 - (-10 + 17)) + -2 + 14 + -4?
6
What is the value of (-33 - -49) + (-4 - -12 - 27)?
-3
Evaluate -20 - (-8 - 0) - (-17 + 4).
1
-39 + 48 + -2 + 4 + -6 + 2
7
What is 11 - (4 - -15 - (-21 - -17))?
-12
What is the value of (10 + (-9 - -3) - -10) + -9?
5
What is -12 + 3 - -16 - (-4 + (6 - 4))?
9
What is 0 - 21 - (-771 + 752)?
-2
Calculate 0 - -26 - (11 + -7 - (16 - 6)).
32
What is the value of (0 - 8) + 3 + -15 + (11 - -35)?
26
-24 - ((2 - -7) + -9 + 2 - 9)
-17
Evaluate -3 + -1 + 3 + 13.
12
What is the value of -107 + 92 + (14 + -15 - (-6 + 1))?
-11
Calculate -5 - ((5 + -17 - -3) + 6).
-2
What is the value of 12 + -3 - (21 - 19)?
7
(-20 - -42) + -15 - (2 + -1)
6
What is the value of 6 + (-13 + -3 + 17 - -2)?
9
Calculate 0 + -8 - (-22 - -4 - -15).
-5
Calculate -24 + (-45 - -73) - (11 - 1).
-6
What is the value of (-14 - 21) + 32 - 1?
-4
What is (-17 - (-8 - -6)) + 5?
-10
Evaluate -15 - (-11 + (-13 - (-8 - -8))).
9
-2 + 0 + -10 - (-11 + -23 + 38)
-16
What is 28 - 21 - -15 - 23?
-1
Evaluate -19 + 9 - (15 + 0 - 10).
-15
What is the value of (8 - (9 + 0 - 3)) + 0?
2
Calculate 13 - (8 + -4) - (-16 - -20 - 15).
20
6 - (-19 + 9) - 27
-11
Calculate 44 + -60 + -21 - -47.
10
What is (3 - 3) + -1 + 1 + -7?
-7
Evaluate -14 - (-17 - -10 - 26).
19
What is the value of 15 + (2 - 4) + 1 + (115 - 114)?
15
Evaluate (-1 - -2 - 0) + (30 - -10) + -49.
-8
Evaluate -2 + 21 + 5 - -2.
26
Calculate (-42 - -54) + 0 + -8 - -9.
13
What is the value of -4 - (5 + (8 - -1) + -5 - 12)?
-1
What is the value of 4 + ((0 - -3) + (3 - 11) - -5)?
4
Evaluate -1 + 3 - 4 - (13 + 1).
-16
What is (23 - -5) + -32 + 23?
19
Calculate -1 - (1 + -3) - (48 - 12 - 34).
-1
-43 + (-8 - (-31 + -2))
-18
Calculate (4 - 4 - 11) + 2 + 26.
17
(-50 - -38) + 34 + 9
31
What is the value of 4 + 0 + (-3 - ((-22 - -43) + -46))?
26
What is 44 - (-23 + 56 + -2)?
13
(1 - 1) + -3 + 12 + (-19 - -10)
0
Calculate -16 + -2 + 2 + (15 - 13) + 4.
-10
What is the value of (-6 - (2 + -10 - -7)) + 10?
5
-10 + ((-8 - 1) + 16 - 8)
-11
Calculate (-1 - 6) + 1 + (2 - 5).
-9
3 - (6 + (-15 - -5) - (0 - 0))
7
Calculate -2 + (12 - -13) + -2.
21
-179 + 199 - (-2 + 2)
20
Evaluate 0 - ((-8 - -2) + -1) - (-322 + 334).
-5
What is the value of -7 + -7 + (-25 - -43)?
4
Calculate (9 - (5 + -16)) + -16.
4
Calculate -8 + (0 - (3 - 1)) - (550 - 554).
-6
What is the value of 1 + 4 - (8 - (-21 + 18))?
-6
Calculate (1 - (1 + 7)) + (16 - (-2 + 2)).
9
What is the value of (33 - (-13 - -20)) + -7?
19
What is the value of -9 + 0 - (3 + -27 + 19 + 4)?
-8
What is the value of 1 + (-6 - (-2 - 6)) + 1?
4
-28 + 7 + 22 + -21
-20
Evaluate (28 - 0) + (11 - (2 + (25 - 15))).
27
-3 + (-4 - 9 - -48 - 11)
21
What is the value of 8 + (13 - 10 - (-3 - -15 - 4))?
3
What is -15 + 10 - 6 - 15 - -4?
-22
-26 + 22 + (6 - 3)
-1
5 + 2 + 10 + -20 + -2 - 2
-7
Calculate 3 - (2 + 12 - -6).
-17
Calculate 3 + 1 - (4 - -9) - -28.
19
19 - 7 - (36 - 33)
9
Evaluate -4 + (0 + 13 - 21).
-12
What is (1 - (-5 + 5)) + (-4 - -3) + -12?
-12
Calculate (-20 - -18) + (5 + -10 - -12).
5
What is 5 - (-38 - (-54 + 38))?
27
Evaluate -15 - (-1 + 15 + -7 + -5 + 5).
-22
-25 + 19 - (0 - 8)
2
What is the value of (-4 - 2) + (-8 - -2) - -5?
-7
What is the value of -1 - (-2 - -3) - 16 - (-67 + 62)?
-13
What is 3 - (10 + 0 + (-58 - -48)) - 12?
-9
Calculate -42 + 88 + -38 - (-10 + 0 + 0).
18
Evaluate -3 - (-2 + 4) - (-36 + (43 - 9)).
-3
-18 + (2 - (1 - -4 - 10))
-11
What is the value of (3 - 1) + (-10 - (6 - 14) - -5)?
5
Calculate 11 - (37 + -21 - 12).
7
6 + (-5 - (3 - (4 + 3)) - 7)
-2
Evaluate -4 + -14 - (-10 + -8 + 9 + 13).
-22
What is 20 + (-6 - 9) + -2 + 0 + 2?
5
What is the value of (16 - 32) + 5 + -3 + (-2 - -2)?
-14
Evaluate 312 - 323 - (-5 - 1) - -11.
6
Calculate -7 + 14 + -19 + 21 + -4 + 8.
13
What is (41 - 14) + -3 + -3?
21
What is the value of 25 + -11 + -15 + 16?
15
Evaluate -99 + 75 + 2 + 48.
26
What is the value of -13 + (2 + -5 - -6) + -217 + 262?
35
What is 8 + 1 - (-13 - -38) - 4?
-20
What is -22 - (19 + (-11 - 22))?
-8
-2 + (-8 - 0) + 3
-7
Calculate -18 + 16 + -3 + 0 + 2 + -5.
-8
Calculate (9 - 4 - 15) + -5.
-15
What is -6 - (-6 + 6 + -15 - -13)?
-4
Evaluate (-9 - (-8 + -7)) + -9 + -11.
-14
What is the value of 30 + -13 + 4 + (-13 - (-5 - -2))?
11
Calculate (-4 + 2 - -37) + 1 + -16.
20
What is 12 + 7 + -25 - -6?
0
What is the value of -4 + -4 + (19 - 18) - 7?
-14
-3 + -5 + 4 + 8 + 1
5
-32 - (6 + 1) - -2 - (-9 - 0)
-28
Evaluate -6 + 13 + (7 - -9).
23
What is the value of 27 - (1 + (-6 - -1) - 8 - -9)?
30
2 + -6 + 7 + -1 + -3 + 16
15
What is the value of -11 - (-4 + (-18 - -7))?
4
Calculate -35 + 46 + (15 - -2).
28
Evaluate -2 + (2 - 3) + -2 + 15.
10
What is the value of 16 + 0 + -3 + (-3 - (23 - 16))?
3
What is -26 + 2 + 0 + (-3 - 2) + 10?
-19
(-8 - -2) + 0 + (16 - 13) + 3
0
What is the value of (-16 - (13 + -30 - -2)) + -20?
-21
Evaluate -1774 - -1770 - (1 - (1 - 1) - -5).
-10
(-7 - 20) + (42 - 12)
3
What is the value of 6 + (-7 - (-6 - -1) - 6)?
-2
14 + -3 + 1 + -2 + -5 + 8
13
Evaluate 56 + (13 - 49) + 17.
37
-2 + -3 + -5 + 0 + (11 - 1)
0
Calculate -15 + (25 + -2 - 5 - 9).
-6
What is -1 - 3 - (14 - -9 - 4) - -4?
-19
Evaluate -1 - ((1 - 10) + -8 + 3).
13
What is the value of 36 + -8 + -17 + 1?
12
Evaluate -12 + (0 - -22) + -7.
3
Evaluate (-11 - 5) + 12 + 4.
0
Evaluate (8 - 22) + (3 - (1 + -1)) - -3.
-8
What is -24 + 3 + (-1 + -2 - (20 + -28))?
-16
What is -10 - -6 - (-4 + (10 - 14))?
4
Evaluate 28 - -3 - (9 - (7 - 9)).
20
What is the value of -4 + -5 + (-2 - -14) - (5 + -1)?
-1
(-5 - -20) + 2 + (-4 - 3)
10
Evaluate (3 - -10) + -1 + 17 + -16.
13
Evaluate -1 + 3 + 11 + -4 - (45 + -54).
18
Calculate 32 + -54 + 31 - -4.
13
What is the value of -15 + 12 - ((1 - -13) + 7)?
-24
Calculate 13 + 18 + 3 + -18.
16
Evaluate 11 - 1 - (5 + -8 + -8).
21
What is 8 - (-1 + 10 + 2)?
-3
Calculate -1 + -3 + -962 + 942.
-24
Evalu